 k(u).
49
Let v(n) = -10*n + 4 - 14 - 16 - 11 + 8. What is v(11)?
-139
Let z(i) be the second derivative of i**4/3 + i**3/3 - i**2 + 18*i. Let a be (-230)/3*6/5. Let l = -90 - a. Determine z(l).
18
Suppose 0 = -10*j + 7*j + 6. Let w be (-3 - -6 - 11)*(-3)/j. Suppose 3*s + 3*k + w = 0, -3*s - k + 6*k + 4 = 0. Let m(a) = -3*a - 3. Calculate m(s).
3
Let v(s) = -6*s + 258. Let p be v(42). Let o(g) be the first derivative of 1/2*g**2 - 2*g + p. Determine o(-2).
-4
Let x(t) = -t**2 + 7*t - 3. Let c be (136/12 - (-1)/(-3)) + 2. Let p = 20 - c. What is x(p)?
-3
Let t(q) = -7*q**3 - 12*q**2 + 9*q + 1. Let s(r) = 106*r**3 + 187*r**2 - 136*r - 14. Let h(a) = -2*s(a) - 31*t(a). Determine h(-1).
-3
Let r(f) = -f**2 + 114*f + 2. Let i(w) = 2*w**2 - 265*w - 3. Let x(u) = 3*i(u) + 7*r(u). Let g be 16/(-10) - (-4)/(-10). Calculate x(g).
-5
Let b = -52 - -47. Let c(w) = 8*w - 54. Let a(j) = -1. Let k(l) = b*a(l) - c(l). Let r be k(7). Let u(o) = o**3 - 5*o**2 + 4*o - 2. Calculate u(r).
-8
Let d(v) = -2*v**2 - 9*v + 8. Suppose 3*h - 9 = -2*c, 3*h + 0 = 3*c + 9. Let z(u) = -u**2. Let w(a) = h*z(a) - d(a). Give w(8).
0
Let g(y) = y**2 - 9*y - 103. Let f = 2969 + -2953. Calculate g(f).
9
Let q(d) = 17*d**3 - 17*d**2 - 42*d + 96. Let b(k) = -10*k**3 + 8*k**2 + 22*k - 48. Let j(u) = 5*b(u) + 3*q(u). What is j(12)?
0
Let x(f) = -f**2 - 3*f. Let r(k) = k**3 - 13*k**2 + 11*k + 22. Let t(z) = r(z) + 4*x(z). Calculate t(17).
5
Let m(w) = 91*w + 2151. Let u be m(-24). Let i(t) = 7*t + 226. Give i(u).
-5
Suppose -4*m - 28 = -4*j, 0 = -8*m + 12*m + 2*j + 16. Let u(v) = 2*v**2 - 7*v - 8. Let z(a) = -3*a**2 + 7*a + 9. Let d(s) = 4*u(s) + 3*z(s). Give d(m).
5
Let p(r) = 14*r + 5. Let z(q) = q**2 + 33*q - 991. Let b be z(19). Calculate p(b).
-37
Let x(n) = -2*n - 19. Suppose -4*i + 40 = d, -3*d + 4*i + 20 = -d. Let t be 2*(-2)/10*d. Let l be x(t). Let u(g) = -3*g + 3. What is u(l)?
12
Let n be ((-6)/(-63) - (1425/(-126))/(-19))*-8. Let t(c) = -c**2 + 7*c - 33. Give t(n).
-21
Let w(d) = 2*d + 12. Let y(h) be the first derivative of -3*h**2/2 - 14*h - 117. Let m be y(-1). Give w(m).
-10
Suppose 0 = n + 3*v - 5*v + 1, 0 = -3*n - 4*v + 17. Let p be 36/(-270) - 424/(-30). Let u(j) = -111*j**3 + p*j + 2 - 15*j + 110*j**3 + 4*j**2. Give u(n).
8
Suppose 4*b + 0 = -5*g - 5, 4*b = -4*g. Suppose -w = -1, -b = -8*z + 4*z - 5*w. Let u(v) = -v + 1. Let n(a) = -2*a + 2. Let y(s) = -n(s) + 3*u(s). Give y(z).
1
Suppose -45*w - 8 = -46*w. Let i(f) = 2 + 7*f**3 - f**2 - w*f**3 - 4*f - 2*f**2 + 7*f**2. Calculate i(3).
-1
Let m(p) be the second derivative of 5/2*p**2 - 1/12*p**4 + 1/3*p**3 + 86*p + 0. Calculate m(-5).
-30
Let n(r) = -4*r**3 - 43*r**2 + 19*r - 20. Let z(i) = 3*i**3 + 37*i**2 - 20*i + 22. Let d(v) = -4*n(v) - 5*z(v). Give d(11).
-8
Let f(a) be the second derivative of -a**4/12 - 3*a**3 - 9*a**2 + 8*a + 29. What is f(-18)?
-18
Let i be (45/(-30))/((-2)/4). Let q(w) = 2 - w**2 + w - 5*w**2 + 1 + 5 - w**i. What is q(-6)?
2
Let k(v) = -v**3 + 4*v**2 - 5. Let n be k(4). Let w(f) be the third derivative of f**5/60 + f**4/6 + 2*f**3/3 - 70841*f**2. What is w(n)?
9
Suppose -2*b - 4*q = 4, 117*q = -2*b + 121*q + 12. Let k(t) be the third derivative of -1/60*t**5 + 0 + 1/8*t**4 + 0*t - t**b + 1/3*t**3. Calculate k(6).
-16
Let j(x) = x + 7. Let s = 215 + -209. Suppose s = 4*n + 3*o + 3, 2*n - 2*o = -2. Calculate j(n).
7
Let x(l) = -2*l**3 + 17*l + 0*l - 16*l + 8*l**3. Let g be (-4 - (2 + -4)) + (-4)/(-2). Suppose 5*m + g*f - 20 = -3*f, -5*f + 30 = 5*m. Calculate x(m).
7
Let s = -65 + 62. Let y(j) = -2*j**2 - 4*j + 1. Let k be y(s). Let m(a) = 5*a + 31. Let x(c) = -c - 6. Let i(f) = 2*m(f) + 11*x(f). Determine i(k).
1
Let k(j) be the second derivative of 3*j - 1/3*j**3 + 5/2*j**2 - 8. Determine k(-5).
15
Let p(x) be the second derivative of x**7/2520 + x**6/144 - x**5/60 - 15*x**4/4 + x**3/2 - 42*x - 2. Let g(n) be the third derivative of p(n). What is g(-3)?
-8
Let y(h) = -12*h + 13. Let b(m) = -m**2 - 56*m - 427. Let p be b(-9). What is y(p)?
61
Suppose -4*n - 15 = -4*f + 1, 2*n + 13 = -3*f. Let s(r) = -2*r - 6. Let o(i) = 3*i + 9. Let g = -11468 + 11460. Let h(a) = g*s(a) + n*o(a). What is h(-3)?
0
Let h(u) = 3*u**2 + 2. Let z(x) = 10*x**2 - 6*x + 9. Let y(m) = 4*h(m) - z(m). Determine y(-3).
-1
Let a(q) = 7*q + 6. Let d be -3 + 18/6 - (0 - -1). What is a(d)?
-1
Let b(u) = -u**2 + 70. Suppose 5*w + 7*g - 44 = -5*g, g - 39 = 4*w. Determine b(w).
6
Let t be (-99)/495 + (-4)/5. Let b(g) = -2*g**2 + 3*g + 3. Give b(t).
-2
Let j(x) = 3*x - x + 2*x - 5. Let t(f) = 21*f - 25. Let q(h) = -11*j(h) + 2*t(h). Suppose 4*g = -2*u + 28, 0 = 5*g + 41*u - 46*u - 20. Give q(g).
-7
Let a(m) = -20. Let u(i) = 4*i + 1. Let v(t) = -a(t) - 5*u(t). Let h(x) = 7*x - 5. Let b(d) = -11*h(d) - 4*v(d). Give b(-3).
-14
Suppose 4 - 14 = -5*y. Let f(h) = h**3 - h**2 + 3*h - 3. Determine f(y).
7
Let h = -7273 + 7258. Let d(r) = r**3 + 15*r**2 - 7*r - 118. Give d(h).
-13
Let c(k) = -k**3 - 3*k**2 + 4. Let y(d) = 2*d**2 - 47*d + 71. Let v be y(22). Suppose v*n + 27 = -4*a, 7*a - 2*n = 2*a - 9. Give c(a).
4
Let h(r) = -31*r - 32. Let n(d) = 6*d - 2. Let o(v) = -h(v) - 4*n(v). Give o(-9).
-23
Let h be 1 + 22 + -2*3/(-6). Let a be (-4)/(-6)*4*9/h. Suppose v = -g + 6*g, a = -v + 4*g. Let n(l) = l**3 + 5*l**2 - 2*l. Calculate n(v).
10
Let a(b) = -b**3 + b**2 + 4*b. Let v(n) = -52*n + n**2 + 13 + 45*n + 0*n**2. Let t be v(5). Give a(t).
-6
Let x(i) = 140*i**3 + 281*i**2 + i + 4. Let m be x(-2). Let b(n) = n**3 - 3*n**2 - 15*n + 14. Give b(m).
32
Suppose -3*j - 9 = 3*u, -u - 20 = 4*j - 2. Suppose 2*z = u*m + 2, 4*m + z + 3*z - 20 = 0. Let d(f) = -899*f + 595*f + 305*f + 4. Calculate d(m).
6
Let n(v) = v**3 + 11*v**2 - 10*v - 26. Let q(l) = l**3 + 2*l**2 + 16*l + 84. Let h be q(-4). What is n(h)?
-50
Suppose 2*y = -10, 2*r + 371 = -2*y + 367. Let i(z) = -z**3 + 7*z**2 - 9*z - 2. Determine i(r).
7
Let g(u) = 2*u**3 - 50*u**2 + 17*u - 429. Let h be g(25). Let r(v) = v**3 + 4*v**2 + v + 5. What is r(h)?
1
Let u(z) = -z**2 + 8*z + 44. Let v = -21 + 33. Give u(v).
-4
Let c(k) = -2 + k + 21*k**2 + 7 - k**3 - 4 - 22*k**2. Let i(d) = 3*d**3 + 2. Let a(y) = 4*c(y) + i(y). Give a(-4).
-10
Let s = 1080 - 1078. Let d(p) = 5*p - 2. What is d(s)?
8
Let c(o) = -o**3 - 5*o**2 + 5*o + 7. Let y be 374/(-51)*(-9)/(-6). Let a be (y + 1)*18/30. Calculate c(a).
13
Let k(d) be the third derivative of d**7/2520 + d**6/240 - d**5/15 - 31*d**4/24 + 30*d**2 - 2*d. Let z(j) be the second derivative of k(j). What is z(-5)?
2
Suppose 40 = 5*p + 5. Suppose p*u = 14*u + 12*u. Let h(d) = 4 - 1 + d - 4 - 3. What is h(u)?
-4
Let t(g) be the third derivative of -g**5/60 - 7*g**4/12 + 2*g**2 + 22*g - 3. Calculate t(-17).
-51
Suppose 252 = 7*r + 52*r - 17*r. Let d(l) = 7*l**2 - 43*l. Calculate d(r).
-6
Let j(p) be the first derivative of -p**2/2 - 5*p + 2. Let f(l) be the second derivative of -l**4/12 - 7*l**3/6 + 13*l**2 - 6*l - 9. Let n be f(-10). Give j(n).
-1
Let c(l) be the third derivative of -l**4/24 + l**3/3 - 1691*l**2. Suppose i - 2 = 2. Let t = i - 2. Give c(t).
0
Let n(l) = 103*l - 8458. Let w be n(82). Let p(a) = -a**3 - 13*a**2 - 21*a + 5. Calculate p(w).
113
Let n = -6111 - -6103. Let g(m) = m**2 + 29*m + 182. Calculate g(n).
14
Let w(a) = -54*a + 1. Let j(n) = 19*n + 2. Let s(v) = -3*j(v) - w(v). Let h(i) = 3*i**3 + i**2 - 2*i - 2. Let b be h(-1). Calculate s(b).
-1
Let t(b) = -23*b + 71. Let y(q) = -8*q + 25. Let x(h) = 13*h + 22. Let w be x(-3). Let l(a) = w*y(a) + 6*t(a). What is l(-3)?
7
Let c(r) = -4*r + 15. Let w(f) = -8*f + 24. Let v(s) = -13*c(s) + 6*w(s). What is v(15)?
9
Let k(w) = w**2 - w + 6*w - 13 - 14 - 27. Let f be k(-10). Let i(g) = g**2 + 4*g - 2. Determine i(f).
-2
Let a(x) = -2*x - 7. Let c(r) = r - 6. Let q be c(-12). Let u = -16 - q. Suppose u*v + 11 = -2*s - 7, 4*v = 2*s + 6. What is a(s)?
7
Let q be 3*3 + -32 + 35. Suppose -19*b - q - 140 = 0. Let g(f) = -f**2 - 9*f + 5. Give g(b).
13
Let q(o) = -2 + 34*o - 124*o + 23*o + 40*o + 28*o. Give q(0).
-2
Let y(w) = -w**2 + 5*w + 239. Let r be y(18). Let m(c) = -c**2 + c - 6. Calculate m(r).
-26
Let i(x) = -32*x - 3*x**2 + 33*x - 2*x**2 + 1 + x**3. Let u = -35 - -98. Let s be (-4)/(-9) - (-98)/u. Determine i(s).
-9
Let x = 239 - -605. Suppose 0 = 7*g - x + 151. Suppose 0 = -103*a + g*